ue
Is 2385135051 a multiple of 39?
True
Is 18014402 a multiple of 20?
False
Does 1975 divide 370930675?
True
Is 48 a factor of 1048193908?
False
Is 26 a factor of 50192157?
False
Is 353542596 a multiple of 29?
True
Is 737 a factor of 39201000?
False
Does 7 divide 1387851?
False
Is 6004 a factor of 3772185668?
False
Is 8992534 a multiple of 1522?
False
Is 2874316259 a multiple of 4913?
True
Does 891 divide 1231986591?
True
Is 1444817383 a multiple of 3965?
False
Is 202879158 a multiple of 1398?
True
Is 1656612 a multiple of 54?
True
Is 7250 a factor of 325139935?
False
Does 7 divide 281372203?
True
Does 123 divide 17632542?
True
Is 9503973 a multiple of 729?
True
Is 85939311 a multiple of 3279?
True
Does 33 divide 132999546?
False
Does 8 divide 110974827?
False
Does 25 divide 5751350?
True
Does 5849 divide 87738788?
False
Does 1782 divide 88932116?
False
Is 118 a factor of 6713014?
False
Does 55 divide 81436858?
False
Is 37634060 a multiple of 356?
False
Is 2687 a factor of 353537597?
False
Does 5 divide 322542760?
True
Does 73 divide 28035942?
True
Does 1312 divide 2431298508?
False
Does 258 divide 140825946?
True
Does 2 divide 156292125?
False
Is 59161554 a multiple of 38?
True
Is 98 a factor of 203797664?
True
Is 414 a factor of 2186346420?
True
Is 6542535 a multiple of 85?
True
Is 3 a factor of 10567754?
False
Does 19 divide 178058386?
True
Is 4 a factor of 53659634?
False
Does 6 divide 7441854?
True
Does 189 divide 189044854?
False
Does 868 divide 36803267?
False
Is 875421206 a multiple of 12?
False
Does 44 divide 207304892?
False
Is 54490770 a multiple of 18?
True
Is 10 a factor of 392807810?
True
Does 16 divide 998199?
False
Does 4216 divide 215618888?
True
Is 315865439 a multiple of 37?
False
Does 122 divide 96875924?
False
Is 243802507 a multiple of 366?
False
Is 690 a factor of 1155406923?
False
Is 464264891 a multiple of 420?
False
Does 662 divide 378031128?
True
Does 313 divide 8840876?
False
Is 255571071 a multiple of 853?
False
Does 34 divide 344319020?
True
Is 799431191 a multiple of 97?
False
Does 3206 divide 5943924?
True
Does 32 divide 565290165?
False
Is 2374975134 a multiple of 1278?
True
Is 1171099995 a multiple of 3265?
True
Is 20681837 a multiple of 2180?
False
Is 351 a factor of 59416929?
True
Is 212326955 a multiple of 12?
False
Is 8635475 a multiple of 60?
False
Does 13 divide 1189397?
False
Is 252136416 a multiple of 224?
True
Is 16755776 a multiple of 847?
False
Does 329 divide 67180813?
True
Does 43 divide 34431441?
False
Does 2256 divide 159023184?
True
Does 7833 divide 347205558?
True
Is 3341775879 a multiple of 12679?
False
Is 370943534 a multiple of 214?
True
Is 68942100 a multiple of 1850?
True
Does 385 divide 8948492?
False
Is 4 a factor of 7080558?
False
Is 1382781972 a multiple of 143?
True
Is 184579669 a multiple of 23?
True
Does 1138 divide 70556000?
True
Is 396418100 a multiple of 1300?
True
Does 100 divide 299223200?
True
Does 29 divide 30179024?
True
Does 216 divide 46669176?
True
Does 13 divide 180339653?
True
Is 2957600 a multiple of 86?
False
Is 84 a factor of 17016552?
True
Is 180381335 a multiple of 5?
True
Is 9 a factor of 42897131?
False
Does 3 divide 788605?
False
Does 6 divide 7692722?
False
Does 1661 divide 797569709?
False
Is 188129212 a multiple of 24?
False
Is 43191834 a multiple of 147?
True
Is 389074922 a multiple of 1486?
True
Is 2884 a factor of 67788420?
True
Is 450512481 a multiple of 137?
False
Is 9 a factor of 1657079735?
False
Does 15 divide 91749660?
True
Does 34 divide 98948433?
False
Is 443 a factor of 34487993?
True
Does 2151 divide 78337269?
True
Is 746387432 a multiple of 7?
True
Is 1074565011 a multiple of 117?
False
Does 984 divide 76846464?
True
Does 1275 divide 247616475?
True
Is 25906722 a multiple of 8?
False
Does 3 divide 5427526?
False
Is 1212 a factor of 475088926?
False
Is 26 a factor of 24256622?
True
Does 20 divide 612544679?
False
Is 296 a factor of 41356824?
True
Is 314 a factor of 114874388?
True
Is 2320 a factor of 113334320?
True
Is 566 a factor of 81791787?
False
Is 1686320300 a multiple of 19?
True
Is 442291153 a multiple of 21?
False
Does 565 divide 107477046?
False
Does 467 divide 75844536?
True
Does 183 divide 2712648746?
False
Is 1460 a factor of 131478441?
False
Is 102654459 a multiple of 3483?
True
Does 515 divide 758383335?
True
Is 30924936 a multiple of 678?
True
Is 330555796 a multiple of 15?
False
Does 961 divide 54538114?
False
Is 3382 a factor of 44824591?
False
Is 2592 a factor of 653405863?
False
Is 151 a factor of 36634714?
True
Is 254 a factor of 3979926?
True
Does 151 divide 6996272?
False
Is 12351252 a multiple of 280?
False
Does 8 divide 131399903?
False
Is 224295385 a multiple of 2482?
False
Does 393 divide 1833404343?
True
Is 2675746191 a multiple of 10634?
False
Is 8 a factor of 2661762?
False
Does 648 divide 231986143?
False
Is 20 a factor of 31643500?
True
Is 544384385 a multiple of 5?
True
Is 1234206 a multiple of 11?
False
Does 10 divide 2324219800?
True
Is 24194893 a multiple of 17?
True
Does 124 divide 31655588?
True
Does 22 divide 58838666?
False
Is 2015320 a multiple of 279?
False
Is 25 a factor of 572730175?
True
Is 47 a factor of 28717454?
False
Is 11114624 a multiple of 284?
True
Does 423 divide 72753039?
True
Does 1038 divide 2800723639?
False
Does 1579 divide 995818456?
True
Does 227 divide 3458215?
False
Is 3480 a factor of 2248341000?
True
Is 723 a factor of 43479051?
True
Is 60156573 a multiple of 388?
False
Does 96 divide 1784300064?
True
Is 10988583 a multiple of 35?
False
Is 480 a factor of 147056019?
False
Does 430 divide 74352099?
False
Is 1602080 a multiple of 5?
True
Is 6346916 a multiple of 2471?
False
Is 251676585 a multiple of 85?
True
Is 93140347 a multiple of 13?
False
Is 23488103 a multiple of 728?
False
Is 72918576 a multiple of 1224?
True
Is 2742927 a multiple of 2?
False
Does 17 divide 1082739826?
True
Is 29 a factor of 83472846?
True
Is 27 a factor of 88462025?
False
Is 1395775053 a multiple of 493?
False
Is 1202269037 a multiple of 3277?
True
Does 33 divide 10529446?
False
Is 20 a factor of 128480353?
False
Does 516 divide 10728156?
True
Does 25 divide 34851132?
False
Does 75 divide 30605759?
False
Is 118681546 a multiple of 218?
False
Is 1480426939 a multiple of 123?
False
Does 11 divide 15189990?
False
Is 11229 a factor of 2648079653?
False
Is 67 a factor of 1692108718?
True
Does 739 divide 981707553?
True
Is 118256124 a multiple of 28?
True
Does 29 divide 10875522?
True
Is 6 a factor of 68672352?
True
Does 320 divide 90033054?
False
Is 82 a factor of 12158714?
True
Is 1863001854 a multiple of 2234?
True
Does 4 divide 33349551?
False
Is 248 a factor of 344228312?
False
Does 8 divide 66285198?
False
Does 608 divide 907446142?
False
Is 6 a factor of 214803133?
False
Does 365 divide 48332409?
False
Is 1580 a factor of 1634274058?
False
Is 1328 a factor of 2274864?
True
Is 186 a factor of 429427686?
True
Is 44 a factor of 472479348?
True
Does 5 divide 803441899?
False
Is 9 a factor of 333000972?
True
Is 43139778 a multiple of 17?
True
Does 633 divide 344415933?
True
Is 3311532664 a multiple of 11?
True
Is 33 a factor of 1384840384?
False
Is 405540485 a multiple of 161?
True
Is 446353974 a multiple of 73?
True
Does 127 divide 271787620?
True
Is 201761126 a multiple of 271?
True
Does 2365 divide 687674037?
False
Does 11 divide 72050110?
True
Does 1017 divide 39551672?
False
Is 104150485 a multiple of 335?
False
Is 40 a factor of 931300560?
True
Does 28 divide 135109915?
False
Is 1651 a factor of 364830667?
False
Is 369 a factor of 122460030?
True
Is 5165 a factor of 1379220280?
True
Is 7 a factor of 46439724?
False
Does 3762 divide 312148188?
True
Is 3334610140 a multiple of 610?
True
Is 32863859 a multiple of 12?
False
Is 15 a factor of 352106475?
True
Is 5 a factor of 20108250?
True
Does 120 divide 145608480?
True
Is 70 a factor of 749678790?
True
Is 244 a factor of 45486724?
True
Is 234 a factor of 1899118494?
True
Is 4684076 a multiple of 482?
True
Is 552408 a multiple of 681?
False
Does 1491 divide 32409809?
False
Is 9580272 a multiple of 1597?
False
Is 263 a factor of 4140383103?
False
Is 685521484 a multiple of 3235?
False
Is 52080581 a multiple of 13?
False
Does 165 divide 369114704?
False
Is 